 base 9?
17
-451 (base 9) to base 4
-11302
-170 (base 9) to base 3
-12100
-17 (base 8) to base 13
-12
-11 (base 8) to base 15
-9
What is 0 (base 12) in base 16?
0
Convert 4 (base 10) to base 11.
4
What is -1220 (base 3) in base 14?
-39
31 (base 6) to base 7
25
What is 15 (base 16) in base 10?
21
0 (base 12) to base 7
0
What is -1 (base 7) in base 9?
-1
Convert -a (base 16) to base 5.
-20
What is 1110 (base 4) in base 14?
60
154 (base 9) to base 5
1010
8 (base 16) to base 13
8
What is 343 (base 8) in base 13?
146
What is -18 (base 11) in base 5?
-34
Convert -1 (base 15) to base 5.
-1
300 (base 10) to base 14
176
What is -111 (base 2) in base 3?
-21
-58 (base 15) to base 12
-6b
-a (base 15) to base 8
-12
Convert 9 (base 10) to base 9.
10
10101 (base 2) to base 11
1a
457 (base 9) to base 4
11320
What is -3 (base 4) in base 9?
-3
What is -40 (base 7) in base 9?
-31
Convert 11 (base 3) to base 12.
4
Convert 10101 (base 2) to base 6.
33
What is -1113 (base 4) in base 15?
-5c
152 (base 7) to base 15
5b
What is 8 (base 11) in base 15?
8
25 (base 6) to base 15
12
-3 (base 9) to base 7
-3
Convert 0 (base 11) to base 13.
0
Convert -1 (base 6) to base 9.
-1
Convert -25 (base 10) to base 12.
-21
What is 6 (base 15) in base 3?
20
What is 23 (base 9) in base 14?
17
What is -14 (base 8) in base 6?
-20
What is 18 (base 13) in base 14?
17
11 (base 4) to base 12
5
Convert 402 (base 5) to base 16.
66
What is -2202 (base 3) in base 11?
-68
6 (base 10) to base 9
6
310 (base 10) to base 7
622
1101 (base 7) to base 6
1453
Convert 35 (base 6) to base 2.
10111
What is -a0 (base 12) in base 2?
-1111000
-2 (base 5) to base 4
-2
Convert -31 (base 6) to base 11.
-18
-38 (base 12) to base 2
-101100
11 (base 3) to base 9
4
What is -102 (base 6) in base 8?
-46
What is 201 (base 8) in base 9?
153
117 (base 9) to base 4
1201
-25 (base 8) to base 11
-1a
-112 (base 3) to base 2
-1110
110220 (base 3) to base 6
1340
-6 (base 12) to base 6
-10
Convert -37 (base 9) to base 13.
-28
Convert 20 (base 5) to base 7.
13
Convert 11 (base 13) to base 7.
20
What is -100101 (base 2) in base 8?
-45
Convert 1 (base 15) to base 11.
1
2 (base 11) to base 12
2
What is 4 (base 9) in base 14?
4
-11233 (base 4) to base 15
-197
Convert 60 (base 15) to base 3.
10100
0 (base 3) to base 8
0
Convert -101 (base 4) to base 2.
-10001
-2 (base 10) to base 9
-2
What is -9 (base 15) in base 8?
-11
What is -15 (base 16) in base 9?
-23
Convert 161 (base 8) to base 11.
a3
222 (base 6) to base 5
321
2 (base 11) to base 7
2
33 (base 4) to base 9
16
What is 5 (base 11) in base 15?
5
What is 1 (base 3) in base 5?
1
What is -12 (base 3) in base 7?
-5
432 (base 5) to base 10
117
-7 (base 14) to base 4
-13
Convert a0 (base 12) to base 15.
80
What is 2 (base 6) in base 13?
2
0 (base 10) to base 15
0
10 (base 7) to base 12
7
What is 39 (base 12) in base 8?
55
What is -15 (base 16) in base 10?
-21
What is -32 (base 9) in base 3?
-1002
What is 22 (base 5) in base 13?
c
231 (base 6) to base 3
10101
What is 7c (base 13) in base 12?
87
What is 33 (base 11) in base 12?
30
Convert -110 (base 2) to base 14.
-6
-20011 (base 3) to base 10
-166
-b (base 16) to base 10
-11
Convert -1033 (base 5) to base 16.
-8f
-1 (base 10) to base 6
-1
Convert 3 (base 7) to base 4.
3
What is -322 (base 4) in base 7?
-112
What is -1d0 (base 14) in base 3?
-112000
Convert 17 (base 13) to base 12.
18
Convert 1b (base 16) to base 11.
25
101100110 (base 2) to base 3
111021
What is -21 (base 12) in base 5?
-100
What is -44 (base 12) in base 10?
-52
What is 202 (base 3) in base 9?
22
Convert 219 (base 13) to base 12.
260
Convert 0 (base 5) to base 7.
0
Convert -14 (base 13) to base 12.
-15
Convert -1a (base 12) to base 11.
-20
What is 4 (base 16) in base 4?
10
Convert 89 (base 11) to base 7.
166
Convert -4 (base 14) to base 12.
-4
-14 (base 14) to base 6
-30
Convert -65 (base 13) to base 3.
-10002
What is -10 (base 2) in base 5?
-2
What is -21 (base 3) in base 2?
-111
-28 (base 11) to base 5
-110
20 (base 7) to base 5
24
Convert 81 (base 13) to base 10.
105
Convert 1 (base 14) to base 2.
1
What is -6 (base 14) in base 7?
-6
19 (base 10) to base 12
17
Convert 6 (base 9) to base 3.
20
-60 (base 9) to base 5
-204
Convert 102 (base 6) to base 9.
42
What is 145 (base 8) in base 13?
7a
Convert -1 (base 2) to base 13.
-1
What is -2 (base 4) in base 2?
-10
What is 96 (base 10) in base 5?
341
What is -2a (base 14) in base 9?
-42
What is 3 (base 15) in base 11?
3
What is -3 (base 14) in base 8?
-3
What is 10 (base 4) in base 14?
4
Convert 9 (base 11) to base 3.
100
2 (base 7) to base 8
2
Convert -10 (base 4) to base 13.
-4
40 (base 12) to base 7
66
Convert 25 (base 12) to base 15.
1e
Convert 112 (base 7) to base 13.
46
What is -30 (base 6) in base 12?
-16
-3 (base 6) to base 9
-3
What is 21 (base 4) in base 7?
12
What is 0 (base 11) in base 6?
0
Convert -11 (base 5) to base 2.
-110
-172 (base 8) to base 7
-233
What is 1 (base 10) in base 7?
1
Convert 203 (base 6) to base 4.
1023
0 (base 4) to base 7
0
-30 (base 6) to base 7
-24
3 (base 10) to base 4
3
Convert -13 (base 5) to base 14.
-8
-124 (base 12) to base 16
-ac
What is -463 (base 8) in base 5?
-2212
What is e (base 16) in base 9?
15
-2 (base 7) to base 10
-2
What is -11001 (base 2) in base 11?
-23
Convert 0 (base 14) to base 5.
0
1b2 (base 15) to base 8
610
Convert 82 (base 16) to base 15.
8a
6 (base 10) to base 12
6
Convert -94 (base 12) to base 13.
-88
20 (base 7) to base 4
32
1 (base 8) to base 15
1
-7 (base 10) to base 6
-11
What is d (base 14) in base 6?
21
What is -123 (base 5) in base 8?
-46
Convert 4 (base 14) to base 5.
4
What is -7 (base 9) in base 14?
-7
0 (base 2) to base 10
0
What is 111 (base 2) in base 15?
7
-29 (base 10) to base 9
-32
What is -b (base 12) in base 10?
-11
-10 (base 4) to base 5
-4
-335 (base 6) to base 5
-1011
Convert -4 (base 16) to base 3.
-11
What is 133 (base 5) in base 9?
47
Convert 3 (base 10) to base 11.
3
-111 (base 7) to base 10
-57
Convert -b (base 16) to base 15.
-b
Convert 46 (base 11) to base 14.
38
Convert -211 (base 3) to base 16.
-16
Convert -7 (base 9) to base 6.
-11
Convert -1011 (base 2) to base 11.
-10
8 (base 16) to base 14
8
Convert 5 (base 11) to base 6.
5
What is 102 (base 3) in base 4?
23
Convert 101 (base 5) to base 16.
1a
20 (base 15) to base 16
1e
Convert 2c (base 14) to base 2.
101000
-28 (base 16) to base 2
-101000
What is 195 (base 13) in base 11?
245
11001100 (base 2) to base 15
d9
2 (base 9) to base 2
10
Convert -1102 (base 3) to base 7.
-53
What is 21 (base 6) in base 8?
15
-45 (base 8) to base 6
-101
What is 100010 (base 2) in base 13?
28
125 (base 9) to base 12
88
Convert -2 (base 3) to base 6.
-2
What is c (base 15) in base 13?
c
-5 (base 12) to base 3
-12
Convert 1 (base 3) to base 6.
1
1b (base 15) to base 2
11010
10 (base 2) to base 16
2
Convert -2 (base 11) to base 7.
-2
Convert -11000 (base 2) to base 13.
-1b
Convert -1 (base 7) to base 16.
-1
-16 (base 8) to base 2
-1110
What is 96 (base 12) in base 5?
424
What is -10 (base 3) in base 9?
-3
What is -1022 (base 3) in base 14?
-27
3 (base 16) to base 6
3
What is -4 (base 6) in base 16?
-4
What is 2204 (base 5) in base 10?
304
What is 26 (base 10) in base 12?
22
2 (base 8) to base 14
2
What is -1 (base 8) in base 14?
-1
What is -14 (base 11) in base 2?
-1111
What is 3 (base 8) in base 6?
3
-11 (base 7) to base 16
-8
Convert 2 (base 5) to base 14.
2
What is 1144 (base 6) in base 9?
341
What is -2 (base 4) in base 7?
-2
Convert -44 (base 14) to base 8.
-74
133 (base 5) to base 9
47
1 (base 5) to base 10
1
Convert -346 (base 10) to base 7.
-1003
Convert 13 (base 13) to base 11.
15
What is 103 (base 5) in base 2?
11100
What is 172 (base 10) in base 14?
c4
What is 4 (base 16) in base 11?
4
What is -11122 (base 3) in base 2?
-1111101
Convert 1 (base 2) to base 12.
1
b (base 13) to base 4
23
-87 (base 14) to base 5
-434
Convert 216 (base 9) to base 8.
261
Convert -1301 (base 4) to base 8.
-161
Convert 3 (base 12) to base 9.
3
Convert -16 (base 16) to base 6.
-34
What is 12 (base 6) in base 15?
8
Convert -33 (base 16) to base 8.
-63
What is -1 (base 3) in base 12?
-1
-8 (base 9) to base 12
-8
Convert -10e (base 15) to base 5.
-1424
Convert 203 (base 4) to base 12.
2b
Convert -7 (base 9) to base 